{"id":2688,"date":"2024-10-17T11:50:53","date_gmt":"2024-10-17T14:50:53","guid":{"rendered":"https:\/\/1075fm.com.br\/site\/?page_id=2688"},"modified":"2026-03-26T18:32:24","modified_gmt":"2026-03-26T21:32:24","slug":"podcast","status":"publish","type":"page","link":"https:\/\/1075fm.com.br\/site\/podcast\/","title":{"rendered":"Podcast"},"content":{"rendered":"\t\t<div data-elementor-type=\"wp-page\" data-elementor-id=\"2688\" class=\"elementor elementor-2688\" data-elementor-post-type=\"page\">\n\t\t\t\t\t\t<section class=\"elementor-section elementor-top-section elementor-element elementor-element-171bc93 elementor-section-boxed elementor-section-height-default elementor-section-height-default\" data-id=\"171bc93\" data-element_type=\"section\" data-settings=\"{&quot;_ha_eqh_enable&quot;:false}\">\n\t\t\t\t\t\t<div class=\"elementor-container elementor-column-gap-default\">\n\t\t\t\t\t<div class=\"elementor-column elementor-col-100 elementor-top-column elementor-element elementor-element-262de32\" data-id=\"262de32\" data-element_type=\"column\" data-settings=\"{&quot;background_background&quot;:&quot;classic&quot;}\">\n\t\t\t<div class=\"elementor-widget-wrap elementor-element-populated\">\n\t\t\t\t\t<div class=\"elementor-background-overlay\"><\/div>\n\t\t\t\t\t\t<section class=\"elementor-section elementor-inner-section elementor-element elementor-element-4a48f4f elementor-section-boxed elementor-section-height-default elementor-section-height-default\" data-id=\"4a48f4f\" data-element_type=\"section\" data-settings=\"{&quot;_ha_eqh_enable&quot;:false}\">\n\t\t\t\t\t\t<div class=\"elementor-container elementor-column-gap-default\">\n\t\t\t\t\t<div class=\"elementor-column elementor-col-50 elementor-inner-column elementor-element elementor-element-878fbbd\" data-id=\"878fbbd\" data-element_type=\"column\">\n\t\t\t<div class=\"elementor-widget-wrap elementor-element-populated\">\n\t\t\t\t\t\t<div class=\"elementor-element elementor-element-c5687a1 elementor-invisible elementor-widget elementor-widget-heading\" data-id=\"c5687a1\" data-element_type=\"widget\" data-settings=\"{&quot;_animation&quot;:&quot;fadeInUp&quot;,&quot;_animation_delay&quot;:200}\" data-widget_type=\"heading.default\">\n\t\t\t\t<div class=\"elementor-widget-container\">\n\t\t\t<h2 class=\"elementor-heading-title elementor-size-default\">PODCAST<\/h2>\t\t<\/div>\n\t\t\t\t<\/div>\n\t\t\t\t<div class=\"elementor-element elementor-element-cefbc71 elementor-widget elementor-widget-heading\" data-id=\"cefbc71\" data-element_type=\"widget\" data-widget_type=\"heading.default\">\n\t\t\t\t<div class=\"elementor-widget-container\">\n\t\t\t<h4 class=\"elementor-heading-title elementor-size-default\">N\u00e3o perca tempo, baixe agora e conecte-se \u00e0 107,5 FM, onde e quando quiser!<\/h4>\t\t<\/div>\n\t\t\t\t<\/div>\n\t\t\t\t<div class=\"elementor-element elementor-element-541248b elementor-align-left elementor-widget__width-auto elementor-hidden-phone elementor-invisible elementor-widget elementor-widget-button\" data-id=\"541248b\" data-element_type=\"widget\" data-settings=\"{&quot;_animation&quot;:&quot;fadeIn&quot;,&quot;_animation_delay&quot;:300}\" data-widget_type=\"button.default\">\n\t\t\t\t<div class=\"elementor-widget-container\">\n\t\t\t\t\t<div class=\"elementor-button-wrapper\">\n\t\t\t<a class=\"elementor-button elementor-button-link elementor-size-md elementor-animation-shrink\" href=\"https:\/\/play.google.com\/store\/apps\/details?id=com.mobifull.radio1075fm&#038;hl=pt-br\" target=\"_blank\">\n\t\t\t\t\t\t<span class=\"elementor-button-content-wrapper\">\n\t\t\t\t\t\t<span class=\"elementor-button-icon\">\n\t\t\t\t<svg aria-hidden=\"true\" class=\"e-font-icon-svg e-fab-google-play\" viewBox=\"0 0 512 512\" xmlns=\"http:\/\/www.w3.org\/2000\/svg\"><path d=\"M325.3 234.3L104.6 13l280.8 161.2-60.1 60.1zM47 0C34 6.8 25.3 19.2 25.3 35.3v441.3c0 16.1 8.7 28.5 21.7 35.3l256.6-256L47 0zm425.2 225.6l-58.9-34.1-65.7 64.5 65.7 64.5 60.1-34.1c18-14.3 18-46.5-1.2-60.8zM104.6 499l280.8-161.2-60.1-60.1L104.6 499z\"><\/path><\/svg>\t\t\t<\/span>\n\t\t\t\t\t\t\t\t\t<span class=\"elementor-button-text\">GOOGLE PLAY<\/span>\n\t\t\t\t\t<\/span>\n\t\t\t\t\t<\/a>\n\t\t<\/div>\n\t\t\t\t<\/div>\n\t\t\t\t<\/div>\n\t\t\t\t<div class=\"elementor-element elementor-element-41b22db elementor-align-left elementor-widget__width-auto elementor-hidden-phone elementor-invisible elementor-widget elementor-widget-button\" data-id=\"41b22db\" data-element_type=\"widget\" data-settings=\"{&quot;_animation&quot;:&quot;fadeIn&quot;,&quot;_animation_delay&quot;:400}\" data-widget_type=\"button.default\">\n\t\t\t\t<div class=\"elementor-widget-container\">\n\t\t\t\t\t<div class=\"elementor-button-wrapper\">\n\t\t\t<a class=\"elementor-button elementor-button-link elementor-size-md elementor-animation-shrink\" href=\"https:\/\/apps.apple.com\/br\/app\/1075-fm\/id881291080\" target=\"_blank\">\n\t\t\t\t\t\t<span class=\"elementor-button-content-wrapper\">\n\t\t\t\t\t\t<span class=\"elementor-button-icon\">\n\t\t\t\t<svg aria-hidden=\"true\" class=\"e-font-icon-svg e-fab-apple\" viewBox=\"0 0 384 512\" xmlns=\"http:\/\/www.w3.org\/2000\/svg\"><path d=\"M318.7 268.7c-.2-36.7 16.4-64.4 50-84.8-18.8-26.9-47.2-41.7-84.7-44.6-35.5-2.8-74.3 20.7-88.5 20.7-15 0-49.4-19.7-76.4-19.7C63.3 141.2 4 184.8 4 273.5q0 39.3 14.4 81.2c12.8 36.7 59 126.7 107.2 125.2 25.2-.6 43-17.9 75.8-17.9 31.8 0 48.3 17.9 76.4 17.9 48.6-.7 90.4-82.5 102.6-119.3-65.2-30.7-61.7-90-61.7-91.9zm-56.6-164.2c27.3-32.4 24.8-61.9 24-72.5-24.1 1.4-52 16.4-67.9 34.9-17.5 19.8-27.8 44.3-25.6 71.9 26.1 2 49.9-11.4 69.5-34.3z\"><\/path><\/svg>\t\t\t<\/span>\n\t\t\t\t\t\t\t\t\t<span class=\"elementor-button-text\">APPLE STORE<\/span>\n\t\t\t\t\t<\/span>\n\t\t\t\t\t<\/a>\n\t\t<\/div>\n\t\t\t\t<\/div>\n\t\t\t\t<\/div>\n\t\t\t\t\t<\/div>\n\t\t<\/div>\n\t\t\t\t<div class=\"elementor-column elementor-col-50 elementor-inner-column elementor-element elementor-element-89e1873\" data-id=\"89e1873\" data-element_type=\"column\" data-settings=\"{&quot;background_background&quot;:&quot;classic&quot;}\">\n\t\t\t<div class=\"elementor-widget-wrap elementor-element-populated\">\n\t\t\t\t\t<div class=\"elementor-background-overlay\"><\/div>\n\t\t\t\t<div class=\"elementor-element elementor-element-8ce9588 e-flex e-con-boxed e-con e-parent\" data-id=\"8ce9588\" data-element_type=\"container\" data-settings=\"{&quot;_ha_eqh_enable&quot;:false}\">\n\t\t\t\t\t<div class=\"e-con-inner\">\n\t\t\t\t<div class=\"elementor-element elementor-element-29a0c09 elementor-invisible elementor-widget elementor-widget-image\" data-id=\"29a0c09\" data-element_type=\"widget\" data-settings=\"{&quot;_animation&quot;:&quot;fadeIn&quot;,&quot;_animation_delay&quot;:200}\" data-widget_type=\"image.default\">\n\t\t\t\t<div class=\"elementor-widget-container\">\n\t\t\t\t\t\t\t\t\t\t\t\t\t<img fetchpriority=\"high\" decoding=\"async\" width=\"800\" height=\"692\" src=\"https:\/\/1075fm.com.br\/site\/wp-content\/uploads\/2024\/10\/mghome031-1024x886.png\" class=\"attachment-large size-large wp-image-266\" alt=\"\" srcset=\"https:\/\/1075fm.com.br\/site\/wp-content\/uploads\/2024\/10\/mghome031-1024x886.png 1024w, https:\/\/1075fm.com.br\/site\/wp-content\/uploads\/2024\/10\/mghome031-300x259.png 300w, https:\/\/1075fm.com.br\/site\/wp-content\/uploads\/2024\/10\/mghome031-768x664.png 768w, https:\/\/1075fm.com.br\/site\/wp-content\/uploads\/2024\/10\/mghome031.png 1111w\" sizes=\"(max-width: 800px) 100vw, 800px\" \/>\t\t\t\t\t\t\t\t\t\t\t\t\t<\/div>\n\t\t\t\t<\/div>\n\t\t\t\t\t<\/div>\n\t\t\t\t<\/div>\n\t\t\t\t<div class=\"elementor-element elementor-element-b59b512 animated-slow elementor-invisible elementor-widget elementor-widget-heading\" data-id=\"b59b512\" data-element_type=\"widget\" data-settings=\"{&quot;_animation&quot;:&quot;fadeInLeft&quot;}\" data-widget_type=\"heading.default\">\n\t\t\t\t<div class=\"elementor-widget-container\">\n\t\t\t<h1 class=\"elementor-heading-title elementor-size-default\">PODCAST<\/h1>\t\t<\/div>\n\t\t\t\t<\/div>\n\t\t\t\t\t<\/div>\n\t\t<\/div>\n\t\t\t\t\t<\/div>\n\t\t<\/section>\n\t\t\t\t\t<\/div>\n\t\t<\/div>\n\t\t\t\t\t<\/div>\n\t\t<\/section>\n\t\t\t\t<section class=\"elementor-section elementor-top-section elementor-element elementor-element-5770b778 elementor-section-boxed elementor-section-height-default elementor-section-height-default\" data-id=\"5770b778\" data-element_type=\"section\" data-settings=\"{&quot;_ha_eqh_enable&quot;:false}\">\n\t\t\t\t\t\t<div class=\"elementor-container elementor-column-gap-default\">\n\t\t\t\t\t<div class=\"elementor-column elementor-col-100 elementor-top-column elementor-element elementor-element-5b01046e\" data-id=\"5b01046e\" data-element_type=\"column\">\n\t\t\t<div class=\"elementor-widget-wrap elementor-element-populated\">\n\t\t\t\t\t\t<div class=\"elementor-element elementor-element-71165e7e elementor-widget elementor-widget-music-player\" data-id=\"71165e7e\" data-element_type=\"widget\" data-widget_type=\"music-player.default\">\n\t\t\t\t<div class=\"elementor-widget-container\">\n\t\t\t<article id=\"arbitrary-instance-69f28a39758e0\" class=\"iron_widget_radio playlist_enabled\"><div class=\"iron-audioplayer  show-playlist srp_hide_player playlist_has_no_ctas skin_floated\" id=\"arbitrary-instance-69f28a39758e0-4b5af4768b\" data-id=\"arbitrary-instance-69f28a39758e0\" data-track-sw-cursor=\"\" data-lazyload=\"\" data-albums=\"\" data-category=\"all\" data-url-playlist=\"https:\/\/1075fm.com.br\/site\/?load=playlist.json&#038;title=&#038;albums=&#038;category=all&#038;posts_not_in=&#038;category_not_in=&#038;feed_title=&#038;feed=&#038;feed_img=&#038;el_widget_id=&#038;artwork=&#038;posts_per_pages=-1&#038;all_category=1&#038;single_playlist=&#038;reverse_tracklist=&#038;audio_meta_field=&#038;repeater_meta_field=&#038;import_file=&#038;rss_items=-1&#038;rss_item_title=&#038;is_favorite=&#038;is_recentlyplayed=&#038;srp_order=date_DESC\" data-sticky-player=\"\" data-shuffle=\"false\" data-playlist_title=\"\" data-scrollbar=\"\" data-wave-color=\"\" data-wave-progress-color=\"\" data-spectro=\"\" data-no-wave=\"1\" data-hide-progressbar=\"\" data-progress-bar-style=\"\"data-feedurl=\"0\" data-notrackskip=\"\" data-no-loop-tracklist=\"\" data-playertemplate =\"skin_float_tracklist\" data-hide-artwork =\"\" data-speedrate=\"1\"  data-tracks-per-page=\"\" data-pagination_scroll_offset=\"\" data-total_items=\"4\" data-total_pages=\"0\" data-adaptive-colors=\"\" data-adaptive-colors-freeze=\"\" style=\"opacity:0;\"><div class=\"sonaar-grid\" ><div class=\"sonaar-Artwort-box \">\n                <div class=\"control\">\n                    \n                <\/div>\n                <div class=\"album\">\n                    <div class=\"album-art\">\n                        <img alt=\"album-art\">\n                    <\/div>\n                <\/div>\n                <\/div><div class=\"playlist sr_waveform_mediaElement\"  id=\"playlist_arbitrary-instance-69f28a39758e0\"><h3 class=\"sr_it-playlist-title\"><\/h3><div class=\"srp_subtitle\"><\/div><div class=\"srp_tracklist\"><ul class=\"srp_list\"><li \n            class=\"sr-playlist-item\" \n            data-audiopath=\"https:\/\/1075fm.com.br\/site\/wp-content\/uploads\/2026\/04\/Nos-temos-valor-para-Deus-Joao-15.mp3\"\n            data-showloading=\"1\"\n            data-albumTitle=\"N\u00f3s temos valor para Deus - Jo\u00e3o 15\"\n            data-albumArt=\"https:\/\/1075fm.com.br\/site\/wp-content\/uploads\/2026\/03\/WhatsApp-Image-2026-03-20-at-16.51.35-1024x576.jpeg\"\n            data-releasedate=\"\"\n            data-date=\"2026\/04\/17\"\n            data-date-formated=\"17 de abril de 2026\"\n            data-show-date=\"\"\n            data-trackTitle=\"N\u00f3s temos valor para Deus \u2013 Jo\u00e3o 15\"\n            data-artist=\"\"\n            data-trackID=\"4096\"\n            data-trackTime=\"11:58\"\n            data-relatedTrack=\"\"\n            data-post-url=\"\"\n            data-post-id=\"4093\"\n            data-track-pos=\"0\"\n            data-peakFile=\"https:\/\/1075fm.com.br\/site\/wp-content\/uploads\/audio_peaks\/4096.peak\"\n            data-peakFile-allow=\"1\"\n            data-is-preview=\"\"\n            data-track-lyric=\"\" data-icecast_json=\"\" data-icecast_mount=\"\"><div class=\"sr-playlist-item-flex\"><span class=\"store-list\"><\/span><\/div><div class=\"srp_track_description\"><\/div><\/li><li \n            class=\"sr-playlist-item\" \n            data-audiopath=\"https:\/\/1075fm.com.br\/site\/wp-content\/uploads\/2026\/03\/GESTOS-DE-JESUS-Mc-10-46.mp3\"\n            data-showloading=\"1\"\n            data-albumTitle=\"Palavra do Pastor: Gestos de Jesus - Mc 10.46\"\n            data-albumArt=\"https:\/\/1075fm.com.br\/site\/wp-content\/uploads\/2026\/03\/WhatsApp-Image-2026-03-20-at-16.51.35-1024x576.jpeg\"\n            data-releasedate=\"\"\n            data-date=\"2026\/03\/27\"\n            data-date-formated=\"27 de mar\u00e7o de 2026\"\n            data-show-date=\"\"\n            data-trackTitle=\"GESTOS DE JESUS (Mc 10-46)\"\n            data-artist=\"\"\n            data-trackID=\"3907\"\n            data-trackTime=\"10:32\"\n            data-relatedTrack=\"\"\n            data-post-url=\"\"\n            data-post-id=\"3904\"\n            data-track-pos=\"0\"\n            data-peakFile=\"https:\/\/1075fm.com.br\/site\/wp-content\/uploads\/audio_peaks\/3907.peak\"\n            data-peakFile-allow=\"1\"\n            data-is-preview=\"\"\n            data-track-lyric=\"\" data-icecast_json=\"\" data-icecast_mount=\"\"><div class=\"sr-playlist-item-flex\"><span class=\"store-list\"><\/span><\/div><div class=\"srp_track_description\"><\/div><\/li><li \n            class=\"sr-playlist-item\" \n            data-audiopath=\"https:\/\/1075fm.com.br\/site\/wp-content\/uploads\/2024\/10\/26-O-QUE-DIRIGE-A-SUA-VIDA-Gn-24site-107.mp3\"\n            data-showloading=\"1\"\n            data-albumTitle=\"Pr S\u00e9rgio Melfior\"\n            data-albumArt=\"https:\/\/1075fm.com.br\/site\/wp-content\/uploads\/2026\/03\/WhatsApp-Image-2026-03-20-at-16.51.35-1024x576.jpeg\"\n            data-releasedate=\"Reflex\u00e3o \u2013 O que dirige sua vida?\"\n            data-date=\"2024\/10\/17\"\n            data-date-formated=\"17 de outubro de 2024\"\n            data-show-date=\"\"\n            data-trackTitle=\"O QUE DIRIGE A SUA VIDA\"\n            data-artist=\"\"\n            data-trackID=\"2715\"\n            data-trackTime=\"10:02\"\n            data-relatedTrack=\"\"\n            data-post-url=\"\"\n            data-post-id=\"2714\"\n            data-track-pos=\"0\"\n            data-peakFile=\"https:\/\/1075fm.com.br\/site\/wp-content\/uploads\/audio_peaks\/2715.peak\"\n            data-peakFile-allow=\"1\"\n            data-is-preview=\"\"\n            data-track-lyric=\"\" data-icecast_json=\"\" data-icecast_mount=\"\"><div class=\"sr-playlist-item-flex\"><span class=\"store-list\"><\/span><\/div><div class=\"srp_track_description\"><\/div><\/li><li \n            class=\"sr-playlist-item\" \n            data-audiopath=\"https:\/\/1075fm.com.br\/site\/wp-content\/uploads\/2024\/10\/19-QUANDO-ORAMOS-AS-COISAS-ACONTECEM-2-Rs-6.17-20.mp3\"\n            data-showloading=\"1\"\n            data-albumTitle=\"Pr S\u00e9rgio Melfior\"\n            data-albumArt=\"https:\/\/1075fm.com.br\/site\/wp-content\/uploads\/2024\/10\/PR-SERGIO-1024x823.jpg\"\n            data-releasedate=\"Reflex\u00e3o \u2013 Quando oramos as coisas acontecem\"\n            data-date=\"2024\/10\/17\"\n            data-date-formated=\"17 de outubro de 2024\"\n            data-show-date=\"\"\n            data-trackTitle=\"QUANDO ORAMOS AS COISAS ACONTECEM\"\n            data-artist=\"\"\n            data-trackID=\"2693\"\n            data-trackTime=\"10:15\"\n            data-relatedTrack=\"\"\n            data-post-url=\"\"\n            data-post-id=\"2692\"\n            data-track-pos=\"0\"\n            data-peakFile=\"https:\/\/1075fm.com.br\/site\/wp-content\/uploads\/audio_peaks\/2693.peak\"\n            data-peakFile-allow=\"1\"\n            data-is-preview=\"\"\n            data-track-lyric=\"\" data-icecast_json=\"\" data-icecast_mount=\"\"><div class=\"sr-playlist-item-flex\"><span class=\"store-list\"><\/span><\/div><div class=\"srp_track_description\"><\/div><\/li><\/ul><\/div><\/div><\/div><div class=\"album-player sr_waveform_mediaElement\"><div class=\"srp_miniplayer_metas\"><div class=\" srp_meta srp_meta_0 track-title\" data-prefix=\"\" aria-label=\"Track title\"><\/div><\/div> <div class=\"player \" ><div class=\"sr_progressbar\">\n                \n            <div class=\"currentTime\">00:00<\/div>\n         \n                <div id=\"arbitrary-instance-69f28a39758e0-44da2085c3-wave\" class=\"wave\" >\n                 \n        <div class=\"sonaar_fake_wave\" style=\"height:70px\"> \n            <audio src=\"\" class=\"sonaar_media_element\"><\/audio> \n            <div class=\"sonaar_wave_base\"> \n                <canvas id=\"sonaar_wave_base_canvas\" class=\"\" height=\"70\" width=\"2540\"><\/canvas> \n                <svg><\/svg> \n            <\/div> \n            <div class=\"sonaar_wave_cut\"> \n                <canvas id=\"sonaar_wave_cut_canvas\" class=\"\" height=\"70\" width=\"2540\"><\/canvas> \n                <svg><\/svg> \n            <\/div> \n        <\/div> \n                <\/div>\n                \n            <div class=\"totalTime\"><\/div>\n         \n             <\/div><div class=\"srp_main_control srp_oneColumn\"><div class=\"control\"><div class=\"previous sricon-back\" style=\"opacity:0;\" aria-label=\"Previous Track\" title=\"Previous\"><\/div><div class=\"play\" style=\"opacity:0;\" aria-label=\"Play\" title=\"Play\/Pause\">\n                <i class=\"sricon-play\"><\/i>\n            <\/div><div class=\"next sricon-forward\" style=\"opacity:0;\" aria-label=\"Next Track\" title=\"Next\"><\/div><\/div><div class=\"control\"><\/div><\/div><\/div><\/div><div class=\"album-store\"><\/div><\/div><script id=\"srp_js_params_69f28a39758e0\">\n        var srp_player_params_69f28a39758e0 = {\"title\":\"\",\"store_title_text\":\"\",\"albums\":[],\"hide_artwork\":\"false\",\"sticky_player\":\"\",\"show_album_market\":\"false\",\"show_track_market\":\"true\",\"hide_timeline\":\"true\",\"elementor\":\"true\",\"tracks_per_page\":\"\",\"titletag_soundwave\":\"div\",\"titletag_playlist\":\"h3\",\"show_control_on_hover\":\"false\",\"show_playlist\":\"true\",\"reverse_tracklist\":\"\",\"wave_color\":\"\",\"wave_progress_color\":\"\",\"spectro\":\"\",\"shuffle\":\"\",\"searchbar\":\"\",\"searchbar_placeholder\":\"\",\"player_layout\":\"skin_float_tracklist\",\"artwork\":\"\",\"category\":\"all\",\"orderby\":\"date\",\"order\":\"DESC\",\"use_play_label_with_icon\":\"false\",\"main_settings\":\"||\"} \n        var srp_player_params_args_69f28a39758e0 = {\"before_widget\":\"<article id=\\\"arbitrary-instance-69f28a39758e0\\\" class=\\\"iron_widget_radio playlist_enabled\\\">\",\"after_widget\":\"<\\\/article>\",\"before_title\":\"<span class='heading-t3'><\\\/span><h3 class=\\\"widgettitle\\\">\",\"after_title\":\"<\\\/h3>\",\"widget_id\":\"arbitrary-instance-69f28a39758e0\"}  \n        <\/script><script>if(typeof setIronAudioplayers !== \"undefined\"){ setIronAudioplayers(\"arbitrary-instance-69f28a39758e0\"); }<\/script><\/article>\t\t<\/div>\n\t\t\t\t<\/div>\n\t\t\t\t\t<\/div>\n\t\t<\/div>\n\t\t\t\t\t<\/div>\n\t\t<\/section>\n\t\t\t\t<\/div>\n\t\t","protected":false},"excerpt":{"rendered":"<p>PODCAST N\u00e3o perca tempo, baixe agora e conecte-se \u00e0 107,5 FM, onde e quando quiser! GOOGLE PLAY APPLE STORE PODCAST<\/p>\n","protected":false},"author":1,"featured_media":0,"parent":0,"menu_order":0,"comment_status":"closed","ping_status":"closed","template":"elementor_header_footer","meta":{"_acf_changed":false,"h5ap_radio_sources":[],"footnotes":""},"class_list":["post-2688","page","type-page","status-publish","hentry"],"acf":[],"yoast_head":"<!-- This site is optimized with the Yoast SEO plugin v24.4 - https:\/\/yoast.com\/wordpress\/plugins\/seo\/ -->\n<title>Podcast - R\u00e1dio 107,5 FM Simplesmente Diferente<\/title>\n<meta name=\"robots\" content=\"index, follow, max-snippet:-1, max-image-preview:large, max-video-preview:-1\" \/>\n<link rel=\"canonical\" href=\"https:\/\/1075fm.com.br\/site\/podcast\/\" \/>\n<meta property=\"og:locale\" content=\"pt_BR\" \/>\n<meta property=\"og:type\" content=\"article\" \/>\n<meta property=\"og:title\" content=\"Podcast - R\u00e1dio 107,5 FM Simplesmente Diferente\" \/>\n<meta property=\"og:description\" content=\"PODCAST N\u00e3o perca tempo, baixe agora e conecte-se \u00e0 107,5 FM, onde e quando quiser! GOOGLE PLAY APPLE STORE PODCAST\" \/>\n<meta property=\"og:url\" content=\"https:\/\/1075fm.com.br\/site\/podcast\/\" \/>\n<meta property=\"og:site_name\" content=\"R\u00e1dio 107,5 FM Simplesmente Diferente\" \/>\n<meta property=\"article:modified_time\" content=\"2026-03-26T21:32:24+00:00\" \/>\n<meta property=\"og:image\" content=\"https:\/\/1075fm.com.br\/site\/wp-content\/uploads\/2024\/10\/mghome031.png\" \/>\n\t<meta property=\"og:image:width\" content=\"1111\" \/>\n\t<meta property=\"og:image:height\" content=\"961\" \/>\n\t<meta property=\"og:image:type\" content=\"image\/png\" \/>\n<meta name=\"twitter:card\" content=\"summary_large_image\" \/>\n<meta name=\"twitter:label1\" content=\"Est. tempo de leitura\" \/>\n\t<meta name=\"twitter:data1\" content=\"1 minuto\" \/>\n<script type=\"application\/ld+json\" class=\"yoast-schema-graph\">{\"@context\":\"https:\/\/schema.org\",\"@graph\":[{\"@type\":\"WebPage\",\"@id\":\"https:\/\/1075fm.com.br\/site\/podcast\/\",\"url\":\"https:\/\/1075fm.com.br\/site\/podcast\/\",\"name\":\"Podcast - R\u00e1dio 107,5 FM Simplesmente Diferente\",\"isPartOf\":{\"@id\":\"https:\/\/1075fm.com.br\/site\/#website\"},\"primaryImageOfPage\":{\"@id\":\"https:\/\/1075fm.com.br\/site\/podcast\/#primaryimage\"},\"image\":{\"@id\":\"https:\/\/1075fm.com.br\/site\/podcast\/#primaryimage\"},\"thumbnailUrl\":\"https:\/\/1075fm.com.br\/site\/wp-content\/uploads\/2024\/10\/mghome031-1024x886.png\",\"datePublished\":\"2024-10-17T14:50:53+00:00\",\"dateModified\":\"2026-03-26T21:32:24+00:00\",\"breadcrumb\":{\"@id\":\"https:\/\/1075fm.com.br\/site\/podcast\/#breadcrumb\"},\"inLanguage\":\"pt-BR\",\"potentialAction\":[{\"@type\":\"ReadAction\",\"target\":[\"https:\/\/1075fm.com.br\/site\/podcast\/\"]}]},{\"@type\":\"ImageObject\",\"inLanguage\":\"pt-BR\",\"@id\":\"https:\/\/1075fm.com.br\/site\/podcast\/#primaryimage\",\"url\":\"https:\/\/1075fm.com.br\/site\/wp-content\/uploads\/2024\/10\/mghome031.png\",\"contentUrl\":\"https:\/\/1075fm.com.br\/site\/wp-content\/uploads\/2024\/10\/mghome031.png\",\"width\":1111,\"height\":961},{\"@type\":\"BreadcrumbList\",\"@id\":\"https:\/\/1075fm.com.br\/site\/podcast\/#breadcrumb\",\"itemListElement\":[{\"@type\":\"ListItem\",\"position\":1,\"name\":\"In\u00edcio\",\"item\":\"https:\/\/1075fm.com.br\/site\/\"},{\"@type\":\"ListItem\",\"position\":2,\"name\":\"Podcast\"}]},{\"@type\":\"WebSite\",\"@id\":\"https:\/\/1075fm.com.br\/site\/#website\",\"url\":\"https:\/\/1075fm.com.br\/site\/\",\"name\":\"R\u00e1dio 107,5 FM Simplesmente Diferente\",\"description\":\"\",\"potentialAction\":[{\"@type\":\"SearchAction\",\"target\":{\"@type\":\"EntryPoint\",\"urlTemplate\":\"https:\/\/1075fm.com.br\/site\/?s={search_term_string}\"},\"query-input\":{\"@type\":\"PropertyValueSpecification\",\"valueRequired\":true,\"valueName\":\"search_term_string\"}}],\"inLanguage\":\"pt-BR\"}]}<\/script>\n<!-- \/ Yoast SEO plugin. -->","yoast_head_json":{"title":"Podcast - R\u00e1dio 107,5 FM Simplesmente Diferente","robots":{"index":"index","follow":"follow","max-snippet":"max-snippet:-1","max-image-preview":"max-image-preview:large","max-video-preview":"max-video-preview:-1"},"canonical":"https:\/\/1075fm.com.br\/site\/podcast\/","og_locale":"pt_BR","og_type":"article","og_title":"Podcast - R\u00e1dio 107,5 FM Simplesmente Diferente","og_description":"PODCAST N\u00e3o perca tempo, baixe agora e conecte-se \u00e0 107,5 FM, onde e quando quiser! GOOGLE PLAY APPLE STORE PODCAST","og_url":"https:\/\/1075fm.com.br\/site\/podcast\/","og_site_name":"R\u00e1dio 107,5 FM Simplesmente Diferente","article_modified_time":"2026-03-26T21:32:24+00:00","og_image":[{"width":1111,"height":961,"url":"https:\/\/1075fm.com.br\/site\/wp-content\/uploads\/2024\/10\/mghome031.png","type":"image\/png"}],"twitter_card":"summary_large_image","twitter_misc":{"Est. tempo de leitura":"1 minuto"},"schema":{"@context":"https:\/\/schema.org","@graph":[{"@type":"WebPage","@id":"https:\/\/1075fm.com.br\/site\/podcast\/","url":"https:\/\/1075fm.com.br\/site\/podcast\/","name":"Podcast - R\u00e1dio 107,5 FM Simplesmente Diferente","isPartOf":{"@id":"https:\/\/1075fm.com.br\/site\/#website"},"primaryImageOfPage":{"@id":"https:\/\/1075fm.com.br\/site\/podcast\/#primaryimage"},"image":{"@id":"https:\/\/1075fm.com.br\/site\/podcast\/#primaryimage"},"thumbnailUrl":"https:\/\/1075fm.com.br\/site\/wp-content\/uploads\/2024\/10\/mghome031-1024x886.png","datePublished":"2024-10-17T14:50:53+00:00","dateModified":"2026-03-26T21:32:24+00:00","breadcrumb":{"@id":"https:\/\/1075fm.com.br\/site\/podcast\/#breadcrumb"},"inLanguage":"pt-BR","potentialAction":[{"@type":"ReadAction","target":["https:\/\/1075fm.com.br\/site\/podcast\/"]}]},{"@type":"ImageObject","inLanguage":"pt-BR","@id":"https:\/\/1075fm.com.br\/site\/podcast\/#primaryimage","url":"https:\/\/1075fm.com.br\/site\/wp-content\/uploads\/2024\/10\/mghome031.png","contentUrl":"https:\/\/1075fm.com.br\/site\/wp-content\/uploads\/2024\/10\/mghome031.png","width":1111,"height":961},{"@type":"BreadcrumbList","@id":"https:\/\/1075fm.com.br\/site\/podcast\/#breadcrumb","itemListElement":[{"@type":"ListItem","position":1,"name":"In\u00edcio","item":"https:\/\/1075fm.com.br\/site\/"},{"@type":"ListItem","position":2,"name":"Podcast"}]},{"@type":"WebSite","@id":"https:\/\/1075fm.com.br\/site\/#website","url":"https:\/\/1075fm.com.br\/site\/","name":"R\u00e1dio 107,5 FM Simplesmente Diferente","description":"","potentialAction":[{"@type":"SearchAction","target":{"@type":"EntryPoint","urlTemplate":"https:\/\/1075fm.com.br\/site\/?s={search_term_string}"},"query-input":{"@type":"PropertyValueSpecification","valueRequired":true,"valueName":"search_term_string"}}],"inLanguage":"pt-BR"}]}},"_links":{"self":[{"href":"https:\/\/1075fm.com.br\/site\/wp-json\/wp\/v2\/pages\/2688","targetHints":{"allow":["GET"]}}],"collection":[{"href":"https:\/\/1075fm.com.br\/site\/wp-json\/wp\/v2\/pages"}],"about":[{"href":"https:\/\/1075fm.com.br\/site\/wp-json\/wp\/v2\/types\/page"}],"author":[{"embeddable":true,"href":"https:\/\/1075fm.com.br\/site\/wp-json\/wp\/v2\/users\/1"}],"replies":[{"embeddable":true,"href":"https:\/\/1075fm.com.br\/site\/wp-json\/wp\/v2\/comments?post=2688"}],"version-history":[{"count":40,"href":"https:\/\/1075fm.com.br\/site\/wp-json\/wp\/v2\/pages\/2688\/revisions"}],"predecessor-version":[{"id":3885,"href":"https:\/\/1075fm.com.br\/site\/wp-json\/wp\/v2\/pages\/2688\/revisions\/3885"}],"wp:attachment":[{"href":"https:\/\/1075fm.com.br\/site\/wp-json\/wp\/v2\/media?parent=2688"}],"curies":[{"name":"wp","href":"https:\/\/api.w.org\/{rel}","templated":true}]}}